{"id":9150,"date":"2025-06-26T06:47:55","date_gmt":"2025-06-26T04:47:55","guid":{"rendered":"https:\/\/bsv-kapfenberg.at\/?page_id=9150"},"modified":"2025-06-26T07:13:07","modified_gmt":"2025-06-26T05:13:07","slug":"besuch-des-bsc-eggersdorf","status":"publish","type":"page","link":"https:\/\/bsv-kapfenberg.at\/?page_id=9150","title":{"rendered":"Besuch des BSC Eggersdorf"},"content":{"rendered":"\t\t<div data-elementor-type=\"wp-page\" data-elementor-id=\"9150\" class=\"elementor elementor-9150\" data-elementor-post-type=\"page\">\n\t\t\t\t<div class=\"elementor-element elementor-element-e4f7d16 e-flex e-con-boxed e-con e-parent\" data-id=\"e4f7d16\" data-element_type=\"container\" data-settings=\"{&quot;background_background&quot;:&quot;gradient&quot;}\">\n\t\t\t\t\t<div class=\"e-con-inner\">\n\t\t\t\t<div class=\"elementor-element elementor-element-cf156ba elementor-widget elementor-widget-text-editor\" data-id=\"cf156ba\" data-element_type=\"widget\" data-widget_type=\"text-editor.default\">\n\t\t\t\t<div class=\"elementor-widget-container\">\n\t\t\t\t\t\t\t\t\t<p><strong>Herzlichen Dank an den BSC Eggersdorf<\/strong><\/p><p>f\u00fcr den Besuch auf unserem 3D Parcours. Es war sch\u00f6n euch bei uns zu haben &#8211; f\u00fcr eine spannende Runde, gute Gespr\u00e4che und schnelle Pfleile. Kommt gerne wieder, der BSV KAPFENBERG freut sich schon auf euren n\u00e4chsten Besuch!<\/p>\t\t\t\t\t\t\t\t<\/div>\n\t\t\t\t<\/div>\n\t\t\t\t\t<\/div>\n\t\t\t\t<\/div>\n\t\t<div class=\"elementor-element elementor-element-cc0fe71 e-flex e-con-boxed e-con e-parent\" data-id=\"cc0fe71\" data-element_type=\"container\" data-settings=\"{&quot;background_background&quot;:&quot;gradient&quot;}\">\n\t\t\t\t\t<div class=\"e-con-inner\">\n\t\t\t\t<div class=\"elementor-element elementor-element-45f60f5 elementor-widget elementor-widget-image-gallery\" data-id=\"45f60f5\" data-element_type=\"widget\" data-widget_type=\"image-gallery.default\">\n\t\t\t\t<div class=\"elementor-widget-container\">\n\t\t\t\t\t\t\t<div class=\"elementor-image-gallery\">\n\t\t\t<div id='gallery-1' class='gallery galleryid-9150 gallery-columns-4 gallery-size-medium_large'><figure class='gallery-item'>\n\t\t\t<div class='gallery-icon portrait'>\n\t\t\t\t<a data-elementor-open-lightbox=\"yes\" data-elementor-lightbox-slideshow=\"45f60f5\" data-elementor-lightbox-title=\"BSCEggersdorf002\" data-e-action-hash=\"#elementor-action%3Aaction%3Dlightbox%26settings%3DeyJpZCI6OTE1NCwidXJsIjoiaHR0cHM6XC9cL2Jzdi1rYXBmZW5iZXJnLmF0XC93cC1jb250ZW50XC91cGxvYWRzXC8yMDI1XC8wNlwvQlNDRWdnZXJzZG9yZjAwMi5qcGciLCJzbGlkZXNob3ciOiI0NWY2MGY1In0%3D\" href='https:\/\/bsv-kapfenberg.at\/wp-content\/uploads\/2025\/06\/BSCEggersdorf002.jpg'><img fetchpriority=\"high\" decoding=\"async\" width=\"768\" height=\"1025\" src=\"https:\/\/bsv-kapfenberg.at\/wp-content\/uploads\/2025\/06\/BSCEggersdorf002.jpg\" class=\"attachment-medium_large size-medium_large\" alt=\"\" srcset=\"https:\/\/bsv-kapfenberg.at\/wp-content\/uploads\/2025\/06\/BSCEggersdorf002.jpg 907w, https:\/\/bsv-kapfenberg.at\/wp-content\/uploads\/2025\/06\/BSCEggersdorf002-225x300.jpg 225w, https:\/\/bsv-kapfenberg.at\/wp-content\/uploads\/2025\/06\/BSCEggersdorf002-768x1024.jpg 768w\" sizes=\"100vw\" \/><\/a>\n\t\t\t<\/div><\/figure><figure class='gallery-item'>\n\t\t\t<div class='gallery-icon portrait'>\n\t\t\t\t<a data-elementor-open-lightbox=\"yes\" data-elementor-lightbox-slideshow=\"45f60f5\" data-elementor-lightbox-title=\"BSCEggersdorf004\" data-e-action-hash=\"#elementor-action%3Aaction%3Dlightbox%26settings%3DeyJpZCI6OTE1NiwidXJsIjoiaHR0cHM6XC9cL2Jzdi1rYXBmZW5iZXJnLmF0XC93cC1jb250ZW50XC91cGxvYWRzXC8yMDI1XC8wNlwvQlNDRWdnZXJzZG9yZjAwNC5qcGciLCJzbGlkZXNob3ciOiI0NWY2MGY1In0%3D\" href='https:\/\/bsv-kapfenberg.at\/wp-content\/uploads\/2025\/06\/BSCEggersdorf004.jpg'><img decoding=\"async\" width=\"768\" height=\"1025\" src=\"https:\/\/bsv-kapfenberg.at\/wp-content\/uploads\/2025\/06\/BSCEggersdorf004.jpg\" class=\"attachment-medium_large size-medium_large\" alt=\"\" srcset=\"https:\/\/bsv-kapfenberg.at\/wp-content\/uploads\/2025\/06\/BSCEggersdorf004.jpg 907w, https:\/\/bsv-kapfenberg.at\/wp-content\/uploads\/2025\/06\/BSCEggersdorf004-225x300.jpg 225w, https:\/\/bsv-kapfenberg.at\/wp-content\/uploads\/2025\/06\/BSCEggersdorf004-768x1024.jpg 768w\" sizes=\"100vw\" \/><\/a>\n\t\t\t<\/div><\/figure><figure class='gallery-item'>\n\t\t\t<div class='gallery-icon portrait'>\n\t\t\t\t<a data-elementor-open-lightbox=\"yes\" data-elementor-lightbox-slideshow=\"45f60f5\" data-elementor-lightbox-title=\"BSCEggersdorf003\" data-e-action-hash=\"#elementor-action%3Aaction%3Dlightbox%26settings%3DeyJpZCI6OTE1NSwidXJsIjoiaHR0cHM6XC9cL2Jzdi1rYXBmZW5iZXJnLmF0XC93cC1jb250ZW50XC91cGxvYWRzXC8yMDI1XC8wNlwvQlNDRWdnZXJzZG9yZjAwMy5qcGciLCJzbGlkZXNob3ciOiI0NWY2MGY1In0%3D\" href='https:\/\/bsv-kapfenberg.at\/wp-content\/uploads\/2025\/06\/BSCEggersdorf003.jpg'><img decoding=\"async\" width=\"768\" height=\"1025\" src=\"https:\/\/bsv-kapfenberg.at\/wp-content\/uploads\/2025\/06\/BSCEggersdorf003.jpg\" class=\"attachment-medium_large size-medium_large\" alt=\"\" srcset=\"https:\/\/bsv-kapfenberg.at\/wp-content\/uploads\/2025\/06\/BSCEggersdorf003.jpg 907w, https:\/\/bsv-kapfenberg.at\/wp-content\/uploads\/2025\/06\/BSCEggersdorf003-225x300.jpg 225w, https:\/\/bsv-kapfenberg.at\/wp-content\/uploads\/2025\/06\/BSCEggersdorf003-768x1024.jpg 768w\" sizes=\"100vw\" \/><\/a>\n\t\t\t<\/div><\/figure><figure class='gallery-item'>\n\t\t\t<div class='gallery-icon portrait'>\n\t\t\t\t<a data-elementor-open-lightbox=\"yes\" data-elementor-lightbox-slideshow=\"45f60f5\" data-elementor-lightbox-title=\"1000202199\" data-e-action-hash=\"#elementor-action%3Aaction%3Dlightbox%26settings%3DeyJpZCI6OTE2NCwidXJsIjoiaHR0cHM6XC9cL2Jzdi1rYXBmZW5iZXJnLmF0XC93cC1jb250ZW50XC91cGxvYWRzXC8yMDI1XC8wNlwvMTAwMDIwMjE5OS5qcGciLCJzbGlkZXNob3ciOiI0NWY2MGY1In0%3D\" href='https:\/\/bsv-kapfenberg.at\/wp-content\/uploads\/2025\/06\/1000202199.jpg'><img loading=\"lazy\" decoding=\"async\" width=\"768\" height=\"1024\" src=\"https:\/\/bsv-kapfenberg.at\/wp-content\/uploads\/2025\/06\/1000202199.jpg\" class=\"attachment-medium_large size-medium_large\" alt=\"\" srcset=\"https:\/\/bsv-kapfenberg.at\/wp-content\/uploads\/2025\/06\/1000202199.jpg 1536w, https:\/\/bsv-kapfenberg.at\/wp-content\/uploads\/2025\/06\/1000202199-225x300.jpg 225w, https:\/\/bsv-kapfenberg.at\/wp-content\/uploads\/2025\/06\/1000202199-768x1024.jpg 768w\" sizes=\"100vw\" \/><\/a>\n\t\t\t<\/div><\/figure>\n\t\t<\/div>\n\t\t<\/div>\n\t\t\t\t\t\t<\/div>\n\t\t\t\t<\/div>\n\t\t\t\t\t<\/div>\n\t\t\t\t<\/div>\n\t\t\t\t<\/div>\n\t\t","protected":false},"excerpt":{"rendered":"<p>Herzlichen Dank an den BSC Eggersdorf f\u00fcr den Besuch auf unserem 3D Parcours. Es war sch\u00f6n euch bei uns zu haben &#8211; f\u00fcr eine spannende Runde, gute Gespr\u00e4che und schnelle Pfleile. Kommt gerne wieder, der BSV KAPFENBERG freut sich schon auf euren n\u00e4chsten Besuch!<\/p>\n","protected":false},"author":2,"featured_media":0,"parent":0,"menu_order":0,"comment_status":"closed","ping_status":"closed","template":"","meta":{"footnotes":""},"class_list":["post-9150","page","type-page","status-publish","hentry"],"aioseo_notices":[],"featured_media_urls":[],"_links":{"self":[{"href":"https:\/\/bsv-kapfenberg.at\/index.php?rest_route=\/wp\/v2\/pages\/9150","targetHints":{"allow":["GET"]}}],"collection":[{"href":"https:\/\/bsv-kapfenberg.at\/index.php?rest_route=\/wp\/v2\/pages"}],"about":[{"href":"https:\/\/bsv-kapfenberg.at\/index.php?rest_route=\/wp\/v2\/types\/page"}],"author":[{"embeddable":true,"href":"https:\/\/bsv-kapfenberg.at\/index.php?rest_route=\/wp\/v2\/users\/2"}],"replies":[{"embeddable":true,"href":"https:\/\/bsv-kapfenberg.at\/index.php?rest_route=%2Fwp%2Fv2%2Fcomments&post=9150"}],"version-history":[{"count":10,"href":"https:\/\/bsv-kapfenberg.at\/index.php?rest_route=\/wp\/v2\/pages\/9150\/revisions"}],"predecessor-version":[{"id":9174,"href":"https:\/\/bsv-kapfenberg.at\/index.php?rest_route=\/wp\/v2\/pages\/9150\/revisions\/9174"}],"wp:attachment":[{"href":"https:\/\/bsv-kapfenberg.at\/index.php?rest_route=%2Fwp%2Fv2%2Fmedia&parent=9150"}],"curies":[{"name":"wp","href":"https:\/\/api.w.org\/{rel}","templated":true}]}}